



{"id":899,"date":"2014-05-01T20:38:52","date_gmt":"2014-05-01T20:38:52","guid":{"rendered":"http:\/\/gruppesite.kfumspejderne.dk\/?page_id=54"},"modified":"2024-03-26T10:46:09","modified_gmt":"2024-03-26T10:46:09","slug":"kontakt","status":"publish","type":"page","link":"https:\/\/kfum-greve.gruppesite.dk\/?page_id=899","title":{"rendered":"Kontakt"},"content":{"rendered":"\n<div class=\"wp-block-columns is-layout-flex wp-container-core-columns-is-layout-9d6595d7 wp-block-columns-is-layout-flex\">\n<div class=\"wp-block-column is-layout-flow wp-block-column-is-layout-flow\" style=\"flex-basis:50%\">\n<h4 class=\"wp-block-heading\">Kom og v\u00e6r med<\/h4>\n\n\n\n<p>Vi har spejderenheder i alle aldersgrupper, se n\u00e6rmere hvilken enhed der passer til dig under&nbsp;<a href=\"http:\/\/kfum-greve.gruppesite.dk\/?page_id=2161\">Enhederne<\/a>.<\/p>\n\n\n\n<p>Spejdergruppen har en dejlig hytte centralt i Greve t\u00e6t p\u00e5 R\u00e6vebakken, et natursk\u00f8nt omr\u00e5de, hvor der plads til masser af sp\u00e6ndende spejderarbejde og naturoplevelser.<\/p>\n\n\n\n<h5 class=\"wp-block-heading\">Gruppeledere<\/h5>\n\n\n\n<p>Hannah Kylmann<br>Tlf. +45 93 93 37 05<br>Mail:\u00a0<a href=\"mailto:hannah@planeth.dk\">hannah@planeth.dk<\/a><\/p>\n\n\n\n<p><\/p>\n<\/div>\n\n\n\n<div class=\"wp-block-column is-layout-flow wp-block-column-is-layout-flow\" style=\"flex-basis:50%\">\n<h4 class=\"wp-block-heading\">Her bor vi<\/h4>\n\n\n\n<p><strong>Spejderhytten &#8220;Fellowship&#8221;<\/strong><br>Ved R\u00e6vebakken 64B<br>2670 Greve<\/p>\n\n\n\n<!-- iframe plugin v.6.0 wordpress.org\/plugins\/iframe\/ -->\n<iframe loading=\"lazy\" src=\"https:\/\/www.google.com\/maps\/embed?pb=!1m18!1m12!1m3!1d6542.5729897170395!2d12.292948937611166!3d55.59037714854609!2m3!1f0!2f0!3f0!3m2!1i1024!2i768!4f13.1!3m3!1m2!1s0x46525808bc6ce13d%3A0x12ac7ddd13a38b54!2sVed%20R%C3%A6vebakken%2064B%2C%202670%20Greve!5e1!3m2!1sda!2sdk!4v1615555522020!5m2!1sda!2sdk\" width=\"400\" height=\"300\" style=\"border:0;\" scrolling=\"yes\" class=\"iframe-class\" frameborder=\"0\"><\/iframe>\n\n<\/div>\n<\/div>\n\n\n\n<p><\/p>\n","protected":false},"excerpt":{"rendered":"<p>Kom og v\u00e6r med Vi har spejderenheder i alle aldersgrupper, se n\u00e6rmere hvilken enhed der passer til dig under&nbsp;Enhederne. Spejdergruppen..<\/p>\n","protected":false},"author":69,"featured_media":0,"parent":0,"menu_order":5,"comment_status":"closed","ping_status":"closed","template":"template\/template_fullwidth.php","meta":{"ngg_post_thumbnail":0,"footnotes":""},"class_list":["post-899","page","type-page","status-publish","hentry"],"_links":{"self":[{"href":"https:\/\/kfum-greve.gruppesite.dk\/index.php?rest_route=\/wp\/v2\/pages\/899","targetHints":{"allow":["GET"]}}],"collection":[{"href":"https:\/\/kfum-greve.gruppesite.dk\/index.php?rest_route=\/wp\/v2\/pages"}],"about":[{"href":"https:\/\/kfum-greve.gruppesite.dk\/index.php?rest_route=\/wp\/v2\/types\/page"}],"author":[{"embeddable":true,"href":"https:\/\/kfum-greve.gruppesite.dk\/index.php?rest_route=\/wp\/v2\/users\/69"}],"replies":[{"embeddable":true,"href":"https:\/\/kfum-greve.gruppesite.dk\/index.php?rest_route=%2Fwp%2Fv2%2Fcomments&post=899"}],"version-history":[{"count":40,"href":"https:\/\/kfum-greve.gruppesite.dk\/index.php?rest_route=\/wp\/v2\/pages\/899\/revisions"}],"predecessor-version":[{"id":2495,"href":"https:\/\/kfum-greve.gruppesite.dk\/index.php?rest_route=\/wp\/v2\/pages\/899\/revisions\/2495"}],"wp:attachment":[{"href":"https:\/\/kfum-greve.gruppesite.dk\/index.php?rest_route=%2Fwp%2Fv2%2Fmedia&parent=899"}],"curies":[{"name":"wp","href":"https:\/\/api.w.org\/{rel}","templated":true}]}}