



{"id":2132,"date":"2021-03-10T13:10:09","date_gmt":"2021-03-10T13:10:09","guid":{"rendered":"http:\/\/kfum-greve.gruppesite.dk\/?page_id=2132"},"modified":"2024-03-26T10:42:16","modified_gmt":"2024-03-26T10:42:16","slug":"enhederne-2","status":"publish","type":"page","link":"https:\/\/kfum-greve.gruppesite.dk\/?page_id=2132","title":{"rendered":"Ulvene"},"content":{"rendered":"<div class=\"wp-block-image is-style-default\">\n<figure class=\"alignright size-large is-resized\"><a href=\"http:\/\/kfum-greve.gruppesite.dk\/wp-content\/uploads\/sites\/48\/2021\/03\/Enhedsmaerker_Godkendte-2018_tegnebraetter-02.png\"><img loading=\"lazy\" decoding=\"async\" width=\"533\" height=\"532\" src=\"http:\/\/kfum-greve.gruppesite.dk\/wp-content\/uploads\/sites\/48\/2021\/03\/Enhedsmaerker_Godkendte-2018_tegnebraetter-02.png\" alt=\"\" class=\"wp-image-2097\" style=\"width:233px;height:233px\" srcset=\"https:\/\/kfum-greve.gruppesite.dk\/wp-content\/uploads\/sites\/48\/2021\/03\/Enhedsmaerker_Godkendte-2018_tegnebraetter-02.png 533w, https:\/\/kfum-greve.gruppesite.dk\/wp-content\/uploads\/sites\/48\/2021\/03\/Enhedsmaerker_Godkendte-2018_tegnebraetter-02-300x300.png 300w, https:\/\/kfum-greve.gruppesite.dk\/wp-content\/uploads\/sites\/48\/2021\/03\/Enhedsmaerker_Godkendte-2018_tegnebraetter-02-150x150.png 150w\" sizes=\"auto, (max-width: 533px) 100vw, 533px\" \/><\/a><\/figure><\/div>\n\n\n<div class=\"wp-block-group\"><div class=\"wp-block-group__inner-container is-layout-flow wp-block-group-is-layout-flow\">\n<p><\/p>\n<\/div><\/div>\n\n\n\n<p class=\"has-medium-font-size\"><strong>Ulvene er for dem, der g\u00e5r i 2.-3. klasse, <\/strong><br><strong>og er overgangen fra B\u00e6verne til Juniorspejder.<\/strong><\/p>\n\n\n\n<p>Arbejdet i ulveflokken er inspireret af Kiplings bog Junglebogen, hvor der blandt mange af junglens dyr er en flok ulve, der ledes af f\u00f8rerulven Akela. B\u00f8rnene er s\u00e5ledes ulveunger og de tildeles navne opkaldt efter junglens dyr.&nbsp;I junglen l\u00e6rer ulvene igennem forskellige aktiviteter at omg\u00e5s naturen med respekt, og at samarbejde i flokken.<\/p>\n\n\n\n<p>N\u00e5r man er ulv, begynder man at kigge p\u00e5 kort, \u00f8ve knob og tr\u00e6ne andre spejderf\u00e6rdigheder. Alt foreg\u00e5r p\u00e5 et niveau, hvor alle kan v\u00e6re med, uden at have pr\u00f8vet det f\u00f8r.<\/p>\n\n\n\n<p>KFUM-Spejderne har samlet informationer for nye ulve i en folder.&nbsp;<a rel=\"noreferrer noopener\" href=\"https:\/\/issuu.com\/kfum-spejderne\/docs\/150165_ulv_12_sider_k3\" target=\"_blank\">Du kan l\u00e6se med her.<\/a><\/p>\n\n\n\n<p class=\"has-text-color has-medium-font-size\" style=\"color:#044c09\"><strong>Vi m\u00f8des hver tirsdag kl. 18.00 til 19.30 i Spejderhytten Fellowship<\/strong><\/p>\n\n\n\n<div class=\"wp-block-group\"><div class=\"wp-block-group__inner-container is-layout-flow wp-block-group-is-layout-flow\">\n<h4 class=\"wp-block-heading has-text-color\" style=\"color:#044c09\">Enhedsleder<\/h4>\n<\/div><\/div>\n\n\n\n<p class=\"has-text-color\" style=\"color:#044c09\">Hannah Kylmann<br>Tlf. +45 93 93 37 05<br>Mail:\u00a0<a href=\"mailto:hannah@planeth.dk\">hannah@planeth.dk<\/a><\/p>\n\n\n\n<p><strong>Facebook<\/strong><br>KFUM Spejderne Greve Gruppe har en lukket Facebook gruppe for medlemmerne og deres for\u00e6ldre:&nbsp;<a rel=\"noreferrer noopener\" href=\"https:\/\/www.facebook.com\/groups\/kfumgreve\/\" target=\"_blank\">Medlemmer og for\u00e6ldre \u2013 KFUM Greve<\/a><\/p>\n\n\n\n<h5 class=\"wp-block-heading has-black-color has-text-color\">Ledere for Ulveflokken<\/h5>\n\n\n\n<div class=\"wp-block-columns is-layout-flex wp-container-core-columns-is-layout-9d6595d7 wp-block-columns-is-layout-flex\">\n<div class=\"wp-block-column is-vertically-aligned-top is-layout-flow wp-block-column-is-layout-flow\" style=\"flex-basis:100%\">\n<div class=\"wp-block-columns is-layout-flex wp-container-core-columns-is-layout-9d6595d7 wp-block-columns-is-layout-flex\">\n<div class=\"wp-block-column is-layout-flow wp-block-column-is-layout-flow\">\n<div class=\"wp-block-columns is-layout-flex wp-container-core-columns-is-layout-9d6595d7 wp-block-columns-is-layout-flex\">\n<div class=\"wp-block-column is-layout-flow wp-block-column-is-layout-flow\">\n<figure class=\"wp-block-image size-large\"><a href=\"http:\/\/kfum-greve.gruppesite.dk\/wp-content\/uploads\/sites\/48\/2024\/03\/Hanna-scaled-e1711447963148.jpg\"><img loading=\"lazy\" decoding=\"async\" width=\"764\" height=\"1024\" src=\"http:\/\/kfum-greve.gruppesite.dk\/wp-content\/uploads\/sites\/48\/2024\/03\/Hanna-764x1024.jpg\" alt=\"\" class=\"wp-image-2486\" style=\"object-fit:cover\" \/><\/a><figcaption class=\"wp-element-caption\">Hannah Kylmann<\/figcaption><\/figure>\n<\/div>\n\n\n\n<div class=\"wp-block-column is-layout-flow wp-block-column-is-layout-flow\">\n<figure class=\"wp-block-image size-full is-resized\"><a href=\"https:\/\/kfum-greve.gruppesite.dk\/wp-content\/uploads\/sites\/48\/2024\/03\/IMG_20240312_175853679-scaled.jpg\"><img loading=\"lazy\" decoding=\"async\" width=\"2010\" height=\"2560\" src=\"https:\/\/kfum-greve.gruppesite.dk\/wp-content\/uploads\/sites\/48\/2024\/03\/IMG_20240312_175853679-scaled.jpg\" alt=\"\" class=\"wp-image-2489\" style=\"aspect-ratio:0.7824074074074074;object-fit:cover;width:169px;height:auto\" srcset=\"https:\/\/kfum-greve.gruppesite.dk\/wp-content\/uploads\/sites\/48\/2024\/03\/IMG_20240312_175853679-scaled.jpg 2010w, https:\/\/kfum-greve.gruppesite.dk\/wp-content\/uploads\/sites\/48\/2024\/03\/IMG_20240312_175853679-236x300.jpg 236w, https:\/\/kfum-greve.gruppesite.dk\/wp-content\/uploads\/sites\/48\/2024\/03\/IMG_20240312_175853679-804x1024.jpg 804w, https:\/\/kfum-greve.gruppesite.dk\/wp-content\/uploads\/sites\/48\/2024\/03\/IMG_20240312_175853679-768x978.jpg 768w, https:\/\/kfum-greve.gruppesite.dk\/wp-content\/uploads\/sites\/48\/2024\/03\/IMG_20240312_175853679-1206x1536.jpg 1206w, https:\/\/kfum-greve.gruppesite.dk\/wp-content\/uploads\/sites\/48\/2024\/03\/IMG_20240312_175853679-1608x2048.jpg 1608w\" sizes=\"auto, (max-width: 2010px) 100vw, 2010px\" \/><\/a><figcaption class=\"wp-element-caption\">Simon Kj\u00e6rsgaard<\/figcaption><\/figure>\n<\/div>\n\n\n\n<div class=\"wp-block-column is-layout-flow wp-block-column-is-layout-flow\">\n<div class=\"wp-block-columns is-layout-flex wp-container-core-columns-is-layout-9d6595d7 wp-block-columns-is-layout-flex\">\n<div class=\"wp-block-column is-layout-flow wp-block-column-is-layout-flow\"><\/div>\n\n\n\n<div class=\"wp-block-column is-layout-flow wp-block-column-is-layout-flow\"><\/div>\n<\/div>\n<\/div>\n\n\n\n<div class=\"wp-block-column is-layout-flow wp-block-column-is-layout-flow\"><\/div>\n\n\n\n<div class=\"wp-block-column is-layout-flow wp-block-column-is-layout-flow\"><\/div>\n<\/div>\n<\/div>\n<\/div>\n<\/div>\n<\/div>\n\n\n\n<p><\/p>\n","protected":false},"excerpt":{"rendered":"<p>Ulvene er for dem, der g\u00e5r i 2.-3. klasse, og er overgangen fra B\u00e6verne til Juniorspejder. Arbejdet i ulveflokken er..<\/p>\n","protected":false},"author":69,"featured_media":0,"parent":0,"menu_order":2,"comment_status":"closed","ping_status":"closed","template":"","meta":{"ngg_post_thumbnail":0,"footnotes":""},"class_list":["post-2132","page","type-page","status-publish","hentry"],"_links":{"self":[{"href":"https:\/\/kfum-greve.gruppesite.dk\/index.php?rest_route=\/wp\/v2\/pages\/2132","targetHints":{"allow":["GET"]}}],"collection":[{"href":"https:\/\/kfum-greve.gruppesite.dk\/index.php?rest_route=\/wp\/v2\/pages"}],"about":[{"href":"https:\/\/kfum-greve.gruppesite.dk\/index.php?rest_route=\/wp\/v2\/types\/page"}],"author":[{"embeddable":true,"href":"https:\/\/kfum-greve.gruppesite.dk\/index.php?rest_route=\/wp\/v2\/users\/69"}],"replies":[{"embeddable":true,"href":"https:\/\/kfum-greve.gruppesite.dk\/index.php?rest_route=%2Fwp%2Fv2%2Fcomments&post=2132"}],"version-history":[{"count":13,"href":"https:\/\/kfum-greve.gruppesite.dk\/index.php?rest_route=\/wp\/v2\/pages\/2132\/revisions"}],"predecessor-version":[{"id":2491,"href":"https:\/\/kfum-greve.gruppesite.dk\/index.php?rest_route=\/wp\/v2\/pages\/2132\/revisions\/2491"}],"wp:attachment":[{"href":"https:\/\/kfum-greve.gruppesite.dk\/index.php?rest_route=%2Fwp%2Fv2%2Fmedia&parent=2132"}],"curies":[{"name":"wp","href":"https:\/\/api.w.org\/{rel}","templated":true}]}}

<div class="wp-block-image is-style-default">
<figure class="alignright size-large is-resized"><a href="http://kfum-greve.gruppesite.dk/wp-content/uploads/sites/48/2021/03/Enhedsmaerker_Godkendte-2018_tegnebraetter-02.png"><img loading="lazy" decoding="async" width="533" height="532" src="http://kfum-greve.gruppesite.dk/wp-content/uploads/sites/48/2021/03/Enhedsmaerker_Godkendte-2018_tegnebraetter-02.png" alt="" class="wp-image-2097" style="width:233px;height:233px" srcset="https://kfum-greve.gruppesite.dk/wp-content/uploads/sites/48/2021/03/Enhedsmaerker_Godkendte-2018_tegnebraetter-02.png 533w, https://kfum-greve.gruppesite.dk/wp-content/uploads/sites/48/2021/03/Enhedsmaerker_Godkendte-2018_tegnebraetter-02-300x300.png 300w, https://kfum-greve.gruppesite.dk/wp-content/uploads/sites/48/2021/03/Enhedsmaerker_Godkendte-2018_tegnebraetter-02-150x150.png 150w" sizes="auto, (max-width: 533px) 100vw, 533px" /></a></figure></div>


<div class="wp-block-group"><div class="wp-block-group__inner-container is-layout-flow wp-block-group-is-layout-flow">
<p></p>
</div></div>



<p class="has-medium-font-size"><strong>Ulvene er for dem, der går i 2.-3. klasse, </strong><br><strong>og er overgangen fra Bæverne til Juniorspejder.</strong></p>



<p>Arbejdet i ulveflokken er inspireret af Kiplings bog Junglebogen, hvor der blandt mange af junglens dyr er en flok ulve, der ledes af førerulven Akela. Børnene er således ulveunger og de tildeles navne opkaldt efter junglens dyr.&nbsp;I junglen lærer ulvene igennem forskellige aktiviteter at omgås naturen med respekt, og at samarbejde i flokken.</p>



<p>Når man er ulv, begynder man at kigge på kort, øve knob og træne andre spejderfærdigheder. Alt foregår på et niveau, hvor alle kan være med, uden at have prøvet det før.</p>



<p>KFUM-Spejderne har samlet informationer for nye ulve i en folder.&nbsp;<a rel="noreferrer noopener" href="https://issuu.com/kfum-spejderne/docs/150165_ulv_12_sider_k3" target="_blank">Du kan læse med her.</a></p>



<p class="has-text-color has-medium-font-size" style="color:#044c09"><strong>Vi mødes hver tirsdag kl. 18.00 til 19.30 i Spejderhytten Fellowship</strong></p>



<div class="wp-block-group"><div class="wp-block-group__inner-container is-layout-flow wp-block-group-is-layout-flow">
<h4 class="wp-block-heading has-text-color" style="color:#044c09">Enhedsleder</h4>
</div></div>



<p class="has-text-color" style="color:#044c09">Hannah Kylmann<br>Tlf. +45 93 93 37 05<br>Mail: <a href="mailto:hannah@planeth.dk">hannah@planeth.dk</a></p>



<p><strong>Facebook</strong><br>KFUM Spejderne Greve Gruppe har en lukket Facebook gruppe for medlemmerne og deres forældre:&nbsp;<a rel="noreferrer noopener" href="https://www.facebook.com/groups/kfumgreve/" target="_blank">Medlemmer og forældre – KFUM Greve</a></p>



<h5 class="wp-block-heading has-black-color has-text-color">Ledere for Ulveflokken</h5>



<div class="wp-block-columns is-layout-flex wp-container-core-columns-is-layout-9d6595d7 wp-block-columns-is-layout-flex">
<div class="wp-block-column is-vertically-aligned-top is-layout-flow wp-block-column-is-layout-flow" style="flex-basis:100%">
<div class="wp-block-columns is-layout-flex wp-container-core-columns-is-layout-9d6595d7 wp-block-columns-is-layout-flex">
<div class="wp-block-column is-layout-flow wp-block-column-is-layout-flow">
<div class="wp-block-columns is-layout-flex wp-container-core-columns-is-layout-9d6595d7 wp-block-columns-is-layout-flex">
<div class="wp-block-column is-layout-flow wp-block-column-is-layout-flow">
<figure class="wp-block-image size-large"><a href="http://kfum-greve.gruppesite.dk/wp-content/uploads/sites/48/2024/03/Hanna-scaled-e1711447963148.jpg"><img loading="lazy" decoding="async" width="764" height="1024" src="http://kfum-greve.gruppesite.dk/wp-content/uploads/sites/48/2024/03/Hanna-764x1024.jpg" alt="" class="wp-image-2486" style="object-fit:cover" /></a><figcaption class="wp-element-caption">Hannah Kylmann</figcaption></figure>
</div>



<div class="wp-block-column is-layout-flow wp-block-column-is-layout-flow">
<figure class="wp-block-image size-full is-resized"><a href="https://kfum-greve.gruppesite.dk/wp-content/uploads/sites/48/2024/03/IMG_20240312_175853679-scaled.jpg"><img loading="lazy" decoding="async" width="2010" height="2560" src="https://kfum-greve.gruppesite.dk/wp-content/uploads/sites/48/2024/03/IMG_20240312_175853679-scaled.jpg" alt="" class="wp-image-2489" style="aspect-ratio:0.7824074074074074;object-fit:cover;width:169px;height:auto" srcset="https://kfum-greve.gruppesite.dk/wp-content/uploads/sites/48/2024/03/IMG_20240312_175853679-scaled.jpg 2010w, https://kfum-greve.gruppesite.dk/wp-content/uploads/sites/48/2024/03/IMG_20240312_175853679-236x300.jpg 236w, https://kfum-greve.gruppesite.dk/wp-content/uploads/sites/48/2024/03/IMG_20240312_175853679-804x1024.jpg 804w, https://kfum-greve.gruppesite.dk/wp-content/uploads/sites/48/2024/03/IMG_20240312_175853679-768x978.jpg 768w, https://kfum-greve.gruppesite.dk/wp-content/uploads/sites/48/2024/03/IMG_20240312_175853679-1206x1536.jpg 1206w, https://kfum-greve.gruppesite.dk/wp-content/uploads/sites/48/2024/03/IMG_20240312_175853679-1608x2048.jpg 1608w" sizes="auto, (max-width: 2010px) 100vw, 2010px" /></a><figcaption class="wp-element-caption">Simon Kjærsgaard</figcaption></figure>
</div>



<div class="wp-block-column is-layout-flow wp-block-column-is-layout-flow">
<div class="wp-block-columns is-layout-flex wp-container-core-columns-is-layout-9d6595d7 wp-block-columns-is-layout-flex">
<div class="wp-block-column is-layout-flow wp-block-column-is-layout-flow"></div>



<div class="wp-block-column is-layout-flow wp-block-column-is-layout-flow"></div>
</div>
</div>



<div class="wp-block-column is-layout-flow wp-block-column-is-layout-flow"></div>



<div class="wp-block-column is-layout-flow wp-block-column-is-layout-flow"></div>
</div>
</div>
</div>
</div>
</div>



<p></p>

<p>Ulvene er for dem, der går i 2.-3. klasse, og er overgangen fra Bæverne til Juniorspejder. Arbejdet i ulveflokken er..</p>
